Last updated on 2025-02-21 03:52:28 CET.
Flavor | Version | Tinstall | Tcheck | Ttotal | Status | Flags |
---|---|---|---|---|---|---|
r-devel-linux-x86_64-debian-clang | 3.2.0 | 20.48 | 274.27 | 294.75 | NOTE | |
r-devel-linux-x86_64-debian-gcc | 3.2.0 | 10.68 | 176.06 | 186.74 | NOTE | |
r-devel-linux-x86_64-fedora-clang | 3.2.0 | 500.12 | NOTE | |||
r-devel-linux-x86_64-fedora-gcc | 3.2.0 | 493.02 | NOTE | |||
r-devel-macos-arm64 | 3.2.0 | 125.00 | OK | |||
r-devel-macos-x86_64 | 3.2.0 | 250.00 | NOTE | |||
r-devel-windows-x86_64 | 3.2.0 | 19.00 | 254.00 | 273.00 | NOTE | |
r-patched-linux-x86_64 | 3.2.0 | 20.03 | 251.20 | 271.23 | OK | |
r-release-linux-x86_64 | 3.2.0 | 17.39 | 247.63 | 265.02 | OK | |
r-release-macos-arm64 | 3.2.0 | 105.00 | OK | |||
r-release-macos-x86_64 | 3.2.0 | 169.00 | OK | |||
r-release-windows-x86_64 | 3.2.0 | 20.00 | 251.00 | 271.00 | OK | |
r-oldrel-macos-arm64 | 3.2.0 | 125.00 | OK | |||
r-oldrel-macos-x86_64 | 3.2.0 | 184.00 | OK | |||
r-oldrel-windows-x86_64 | 3.2.0 | 27.00 | 320.00 | 347.00 | OK |
Version: 3.2.0
Check: DESCRIPTION meta-information
Result: NOTE
Missing dependency on R >= 4.1.0 because package code uses the pipe
|> or function shorthand \(...) syntax added in R 4.1.0.
File(s) using such syntax:
‘tcplCytoPt.R’ ‘tcplFit2.R’ ‘tcplQueryAPI.R’ ‘tcplVarMat.R’
Flavors: r-devel-linux-x86_64-debian-clang, r-devel-linux-x86_64-debian-gcc, r-devel-linux-x86_64-fedora-clang, r-devel-linux-x86_64-fedora-gcc, r-devel-macos-x86_64, r-devel-windows-x86_64