Last updated on 2025-04-30 04:50:21 CEST.
Flavor | Version | Tinstall | Tcheck | Ttotal | Status | Flags |
---|---|---|---|---|---|---|
r-devel-linux-x86_64-debian-clang | 0.2.0 | 2.35 | 33.19 | 35.54 | NOTE | |
r-devel-linux-x86_64-debian-gcc | 0.2.0 | 1.85 | 25.82 | 27.67 | NOTE | |
r-devel-linux-x86_64-fedora-clang | 0.2.0 | 52.72 | NOTE | |||
r-devel-linux-x86_64-fedora-gcc | 0.2.0 | 64.87 | NOTE | |||
r-devel-windows-x86_64 | 0.2.0 | 3.00 | 60.00 | 63.00 | NOTE | |
r-patched-linux-x86_64 | 0.2.0 | 2.73 | 30.96 | 33.69 | NOTE | |
r-release-linux-x86_64 | 0.2.0 | 2.50 | 31.05 | 33.55 | NOTE | |
r-release-macos-arm64 | 0.2.0 | 38.00 | NOTE | |||
r-release-macos-x86_64 | 0.2.0 | 49.00 | NOTE | |||
r-release-windows-x86_64 | 0.2.0 | 3.00 | 59.00 | 62.00 | NOTE | |
r-oldrel-macos-arm64 | 0.2.0 | 49.00 | OK | |||
r-oldrel-macos-x86_64 | 0.2.0 | 71.00 | OK | |||
r-oldrel-windows-x86_64 | 0.2.0 | 3.00 | 60.00 | 63.00 | OK |
Version: 0.2.0
Check: DESCRIPTION meta-information
Result: NOTE
Missing dependency on R >= 4.1.0 because package code uses the pipe
|> or function shorthand \(...) syntax added in R 4.1.0.
File(s) using such syntax:
‘mobius-strips.Rd’
Flavors: r-devel-linux-x86_64-debian-clang, r-devel-linux-x86_64-debian-gcc, r-devel-linux-x86_64-fedora-clang, r-devel-linux-x86_64-fedora-gcc, r-devel-windows-x86_64, r-patched-linux-x86_64, r-release-linux-x86_64, r-release-macos-arm64, r-release-macos-x86_64, r-release-windows-x86_64