Last updated on 2025-04-30 04:50:21 CEST.
Flavor | Version | Tinstall | Tcheck | Ttotal | Status | Flags |
---|---|---|---|---|---|---|
r-devel-linux-x86_64-debian-clang | 1.1 | 8.40 | 73.50 | 81.90 | NOTE | |
r-devel-linux-x86_64-debian-gcc | 1.1 | 5.57 | 53.48 | 59.05 | NOTE | |
r-devel-linux-x86_64-fedora-clang | 1.1 | 127.89 | OK | |||
r-devel-linux-x86_64-fedora-gcc | 1.1 | 121.94 | OK | |||
r-devel-windows-x86_64 | 1.1 | 10.00 | 94.00 | 104.00 | OK | |
r-patched-linux-x86_64 | 1.1 | 8.97 | 71.17 | 80.14 | OK | |
r-release-linux-x86_64 | 1.1 | 7.80 | 71.02 | 78.82 | OK | |
r-release-macos-arm64 | 1.1 | 39.00 | OK | |||
r-release-macos-x86_64 | 1.1 | 80.00 | OK | |||
r-release-windows-x86_64 | 1.1 | 8.00 | 95.00 | 103.00 | OK | |
r-oldrel-macos-arm64 | 1.1 | 37.00 | OK | |||
r-oldrel-macos-x86_64 | 1.1 | 55.00 | OK | |||
r-oldrel-windows-x86_64 | 1.1 | 10.00 | 105.00 | 115.00 | OK |
Version: 1.1
Check: CRAN incoming feasibility
Result: NOTE
Maintainer: ‘Johannes Ossberger <johannes.ossberger@gmail.com>’
No Authors@R field in DESCRIPTION.
Please add one, modifying
Authors@R: person(given = "Johannes",
family = "Ossberger",
role = c("aut", "cre"),
email = "johannes.ossberger@gmail.com")
as necessary.
Flavors: r-devel-linux-x86_64-debian-clang, r-devel-linux-x86_64-debian-gcc