CRAN Package Check Results for Package teal

Last updated on 2025-04-30 04:50:21 CEST.

Flavor Version Tinstall Tcheck Ttotal Status Flags
r-devel-linux-x86_64-debian-clang 0.16.0 11.99 451.93 463.92 OK
r-devel-linux-x86_64-debian-gcc 0.16.0 8.03 293.47 301.50 OK
r-devel-linux-x86_64-fedora-clang 0.16.0 761.40 OK
r-devel-linux-x86_64-fedora-gcc 0.16.0 759.60 NOTE
r-devel-windows-x86_64 0.16.0 13.00 426.00 439.00 OK
r-patched-linux-x86_64 0.16.0 13.14 434.79 447.93 OK
r-release-linux-x86_64 0.16.0 11.60 433.99 445.59 OK
r-release-macos-arm64 0.16.0 217.00 OK
r-release-macos-x86_64 0.16.0 249.00 OK
r-release-windows-x86_64 0.16.0 13.00 437.00 450.00 OK
r-oldrel-macos-arm64 0.16.0 169.00 OK
r-oldrel-macos-x86_64 0.16.0 264.00 OK
r-oldrel-windows-x86_64 0.16.0 18.00 573.00 591.00 OK

Check Details

Version: 0.16.0
Check: for non-standard things in the check directory
Result: NOTE Found the following files/directories: ‘.renv’ ‘BiocManager’ Flavor: r-devel-linux-x86_64-fedora-gcc