Last updated on 2025-04-30 04:50:21 CEST.
Flavor | Version | Tinstall | Tcheck | Ttotal | Status | Flags |
---|---|---|---|---|---|---|
r-devel-linux-x86_64-debian-clang | 0.4.0 | 10.43 | 169.96 | 180.39 | NOTE | |
r-devel-linux-x86_64-debian-gcc | 0.4.0 | 7.59 | 109.26 | 116.85 | NOTE | |
r-devel-linux-x86_64-fedora-clang | 0.4.0 | 298.17 | OK | |||
r-devel-linux-x86_64-fedora-gcc | 0.4.0 | 301.03 | OK | |||
r-devel-windows-x86_64 | 0.4.0 | 13.00 | 167.00 | 180.00 | OK | |
r-patched-linux-x86_64 | 0.4.0 | 12.99 | 159.43 | 172.42 | OK | |
r-release-linux-x86_64 | 0.4.0 | 10.75 | 157.87 | 168.62 | OK | |
r-release-macos-arm64 | 0.4.0 | 114.00 | OK | |||
r-release-macos-x86_64 | 0.4.0 | 155.00 | OK | |||
r-release-windows-x86_64 | 0.4.0 | 14.00 | 165.00 | 179.00 | OK | |
r-oldrel-macos-arm64 | 0.4.0 | 94.00 | OK | |||
r-oldrel-macos-x86_64 | 0.4.0 | 179.00 | OK | |||
r-oldrel-windows-x86_64 | 0.4.0 | 17.00 | 218.00 | 235.00 | OK |
Version: 0.4.0
Check: examples
Result: NOTE
Examples with CPU (user + system) or elapsed time > 5s
user system elapsed
Renderer 7.632 0.382 10.826
Reporter 7.259 0.128 10.205
ReportCard 5.297 0.039 8.768
Flavor: r-devel-linux-x86_64-debian-clang
Version: 0.4.0
Check: examples
Result: NOTE
Examples with CPU (user + system) or elapsed time > 5s
user system elapsed
Renderer 4.500 0.235 5.715
Reporter 4.554 0.109 6.815
Flavor: r-devel-linux-x86_64-debian-gcc