Last updated on 2025-04-30 04:50:21 CEST.
Flavor | Version | Tinstall | Tcheck | Ttotal | Status | Flags |
---|---|---|---|---|---|---|
r-devel-linux-x86_64-debian-clang | 0.6.0 | 22.00 | 168.69 | 190.69 | NOTE | |
r-devel-linux-x86_64-debian-gcc | 0.6.0 | 12.55 | 115.85 | 128.40 | NOTE | |
r-devel-linux-x86_64-fedora-clang | 0.6.0 | 305.74 | OK | |||
r-devel-linux-x86_64-fedora-gcc | 0.6.0 | 308.55 | OK | |||
r-devel-windows-x86_64 | 0.6.0 | 21.00 | 204.00 | 225.00 | OK | |
r-patched-linux-x86_64 | 0.6.0 | 21.90 | 157.24 | 179.14 | OK | |
r-release-linux-x86_64 | 0.6.0 | 21.00 | 157.26 | 178.26 | OK | |
r-release-macos-arm64 | 0.6.0 | 87.00 | OK | |||
r-release-macos-x86_64 | 0.6.0 | 205.00 | OK | |||
r-release-windows-x86_64 | 0.6.0 | 22.00 | 194.00 | 216.00 | OK | |
r-oldrel-macos-arm64 | 0.6.0 | 85.00 | OK | |||
r-oldrel-macos-x86_64 | 0.6.0 | 190.00 | OK | |||
r-oldrel-windows-x86_64 | 0.6.0 | 27.00 | 246.00 | 273.00 | OK |
Version: 0.6.0
Check: examples
Result: NOTE
Examples with CPU (user + system) or elapsed time > 5s
user system elapsed
FilteredData 10.524 0.731 13.59
Flavor: r-devel-linux-x86_64-debian-clang
Version: 0.6.0
Check: examples
Result: NOTE
Examples with CPU (user + system) or elapsed time > 5s
user system elapsed
FilteredData 7.788 1.248 11.107
Flavor: r-devel-linux-x86_64-debian-gcc