CRAN Package Check Results for Package teda

Last updated on 2025-02-21 03:52:28 CET.

Flavor Version Tinstall Tcheck Ttotal Status Flags
r-devel-linux-x86_64-debian-clang 0.1.1 1.67 18.68 20.35 OK
r-devel-linux-x86_64-debian-gcc 0.1.1 1.33 15.61 16.94 OK
r-devel-linux-x86_64-fedora-clang 0.1.1 35.96 OK
r-devel-linux-x86_64-fedora-gcc 0.1.1 32.80 OK
r-devel-macos-arm64 0.1.1 15.00 OK
r-devel-macos-x86_64 0.1.1 24.00 OK
r-devel-windows-x86_64 0.1.1 2.00 42.00 44.00 OK
r-patched-linux-x86_64 0.1.1 1.47 18.10 19.57 NOTE
r-release-linux-x86_64 0.1.1 1.54 18.23 19.77 NOTE
r-release-macos-arm64 0.1.1 15.00 NOTE
r-release-macos-x86_64 0.1.1 21.00 NOTE
r-release-windows-x86_64 0.1.1 2.00 42.00 44.00 NOTE
r-oldrel-macos-arm64 0.1.1 17.00 NOTE
r-oldrel-macos-x86_64 0.1.1 20.00 NOTE
r-oldrel-windows-x86_64 0.1.1 3.00 42.00 45.00 NOTE

Check Details

Version: 0.1.1
Check: LazyData
Result: NOTE 'LazyData' is specified without a 'data' directory Flavors: r-patched-linux-x86_64, r-release-linux-x86_64, r-release-macos-arm64, r-release-macos-x86_64, r-release-windows-x86_64, r-oldrel-macos-arm64, r-oldrel-macos-x86_64, r-oldrel-windows-x86_64