Last updated on 2025-04-30 04:50:21 CEST.
Flavor | Version | Tinstall | Tcheck | Ttotal | Status | Flags |
---|---|---|---|---|---|---|
r-devel-linux-x86_64-debian-clang | 1.0 | 12.84 | 240.35 | 253.19 | NOTE | |
r-devel-linux-x86_64-debian-gcc | 1.0 | 8.12 | 146.53 | 154.65 | NOTE | |
r-devel-linux-x86_64-fedora-clang | 1.0 | 394.83 | OK | |||
r-devel-linux-x86_64-fedora-gcc | 1.0 | 395.80 | OK | |||
r-devel-windows-x86_64 | 1.0 | 15.00 | 282.00 | 297.00 | OK | |
r-patched-linux-x86_64 | 1.0 | 13.10 | 231.39 | 244.49 | OK | |
r-release-linux-x86_64 | 1.0 | 11.34 | 236.76 | 248.10 | OK | |
r-release-macos-arm64 | 1.0 | 103.00 | OK | |||
r-release-macos-x86_64 | 1.0 | 276.00 | OK | |||
r-release-windows-x86_64 | 1.0 | 17.00 | 276.00 | 293.00 | OK | |
r-oldrel-macos-arm64 | 1.0 | 96.00 | OK | |||
r-oldrel-macos-x86_64 | 1.0 | 195.00 | OK | |||
r-oldrel-windows-x86_64 | 1.0 | 18.00 | 316.00 | 334.00 | OK |
Version: 1.0
Check: examples
Result: NOTE
Examples with CPU (user + system) or elapsed time > 5s
user system elapsed
blanking_event 10.326 0.142 13.511
Flavor: r-devel-linux-x86_64-debian-clang
Version: 1.0
Check: examples
Result: NOTE
Examples with CPU (user + system) or elapsed time > 5s
user system elapsed
blanking_event 5.607 0.34 7.778
Flavor: r-devel-linux-x86_64-debian-gcc