CRAN Package Check Results for Package temper

Last updated on 2025-11-02 03:51:58 CET.

Flavor Version Tinstall Tcheck Ttotal Status Flags
r-devel-linux-x86_64-debian-clang 1.1.0 23.01 202.10 225.11 OK
r-devel-linux-x86_64-debian-gcc 1.1.0 18.95 150.08 169.03 OK
r-devel-linux-x86_64-fedora-clang 1.1.0 45.00 313.21 358.21 OK
r-devel-linux-x86_64-fedora-gcc 1.1.0 55.00 278.96 333.96 OK
r-devel-windows-x86_64 1.1.0 17.00 130.00 147.00 OK
r-patched-linux-x86_64 1.1.0 23.75 194.77 218.52 OK
r-release-linux-x86_64 1.1.0 19.71 185.81 205.52 OK
r-release-macos-arm64 1.1.0 13.00 119.00 132.00 OK
r-release-macos-x86_64 1.1.0 14.00 107.00 121.00 OK
r-release-windows-x86_64 1.1.0 15.00 112.00 127.00 OK
r-oldrel-macos-arm64 1.1.0 11.00 65.00 76.00 OK
r-oldrel-macos-x86_64 1.1.0 14.00 111.00 125.00 OK
r-oldrel-windows-x86_64 1.1.0 33.00 210.00 243.00 WARN

Check Details

Version: 1.1.0
Check: whether package can be installed
Result: WARN Found the following significant warnings: Warning: Torch libraries are installed but loading them caused a segfault. Flavor: r-oldrel-windows-x86_64