CRAN Package Check Results for Package tenm

Last updated on 2025-04-30 04:50:21 CEST.

Flavor Version Tinstall Tcheck Ttotal Status Flags
r-devel-linux-x86_64-debian-clang 0.5.1 7.04 183.26 190.30 NOTE
r-devel-linux-x86_64-debian-gcc 0.5.1 4.05 114.80 118.85 NOTE
r-devel-linux-x86_64-fedora-clang 0.5.1 324.77 OK
r-devel-linux-x86_64-fedora-gcc 0.5.1 304.53 OK
r-devel-windows-x86_64 0.5.1 15.00 246.00 261.00 OK
r-patched-linux-x86_64 0.5.1 6.50 169.42 175.92 OK
r-release-linux-x86_64 0.5.1 6.54 172.38 178.92 OK
r-release-macos-arm64 0.5.1 123.00 OK
r-release-macos-x86_64 0.5.1 285.00 OK
r-release-windows-x86_64 0.5.1 19.00 256.00 275.00 OK
r-oldrel-macos-arm64 0.5.1 125.00 NOTE
r-oldrel-macos-x86_64 0.5.1 398.00 NOTE
r-oldrel-windows-x86_64 0.5.1 14.00 346.00 360.00 OK

Check Details

Version: 0.5.1
Check: examples
Result: NOTE Examples with CPU (user + system) or elapsed time > 5s user system elapsed clean_dup 7.824 0.23 10.894 Flavor: r-devel-linux-x86_64-debian-clang

Version: 0.5.1
Check: examples
Result: NOTE Examples with CPU (user + system) or elapsed time > 5s user system elapsed clean_dup 4.071 0.186 5.692 Flavor: r-devel-linux-x86_64-debian-gcc

Version: 0.5.1
Check: installed package size
Result: NOTE installed size is 5.8Mb sub-directories of 1Mb or more: extdata 4.9Mb Flavors: r-oldrel-macos-arm64, r-oldrel-macos-x86_64