CRAN Package Check Results for Package tensorTS

Last updated on 2025-04-30 04:50:21 CEST.

Flavor Version Tinstall Tcheck Ttotal Status Flags
r-devel-linux-x86_64-debian-clang 1.0.2 10.15 78.89 89.04 NOTE
r-devel-linux-x86_64-debian-gcc 1.0.2 8.07 54.95 63.02 OK
r-devel-linux-x86_64-fedora-clang 1.0.2 144.91 OK
r-devel-linux-x86_64-fedora-gcc 1.0.2 134.96 OK
r-devel-windows-x86_64 1.0.2 11.00 87.00 98.00 OK
r-patched-linux-x86_64 1.0.2 11.40 75.34 86.74 OK
r-release-linux-x86_64 1.0.2 10.04 74.82 84.86 OK
r-release-macos-arm64 1.0.2 39.00 OK
r-release-macos-x86_64 1.0.2 78.00 OK
r-release-windows-x86_64 1.0.2 11.00 86.00 97.00 OK
r-oldrel-macos-arm64 1.0.2 37.00 OK
r-oldrel-macos-x86_64 1.0.2 58.00 OK
r-oldrel-windows-x86_64 1.0.2 14.00 101.00 115.00 OK

Check Details

Version: 1.0.2
Check: examples
Result: NOTE Examples with CPU (user + system) or elapsed time > 5s user system elapsed tenAR.est 4.346 0.156 5.946 Flavor: r-devel-linux-x86_64-debian-clang