Last updated on 2025-04-30 04:50:21 CEST.
Flavor | Version | Tinstall | Tcheck | Ttotal | Status | Flags |
---|---|---|---|---|---|---|
r-devel-linux-x86_64-debian-clang | 3.0 | 3.39 | 24.17 | 27.56 | NOTE | |
r-devel-linux-x86_64-debian-gcc | 3.0 | 2.65 | 18.52 | 21.17 | NOTE | |
r-devel-linux-x86_64-fedora-clang | 3.0 | 44.37 | OK | |||
r-devel-linux-x86_64-fedora-gcc | 3.0 | 41.99 | OK | |||
r-devel-windows-x86_64 | 3.0 | 7.00 | 49.00 | 56.00 | OK | |
r-patched-linux-x86_64 | 3.0 | 3.78 | 23.11 | 26.89 | OK | |
r-release-linux-x86_64 | 3.0 | 3.77 | 23.38 | 27.15 | OK | |
r-release-macos-arm64 | 3.0 | 18.00 | OK | |||
r-release-macos-x86_64 | 3.0 | 29.00 | OK | |||
r-release-windows-x86_64 | 3.0 | 6.00 | 47.00 | 53.00 | OK | |
r-oldrel-macos-arm64 | 3.0 | 18.00 | OK | |||
r-oldrel-macos-x86_64 | 3.0 | 27.00 | OK | |||
r-oldrel-windows-x86_64 | 3.0 | 7.00 | 47.00 | 54.00 | OK |
Version: 3.0
Check: CRAN incoming feasibility
Result: NOTE
Maintainer: ‘Yuchen Zeng <yzeng58@wisc.edu>’
No Authors@R field in DESCRIPTION.
Please add one, modifying
Authors@R: c(person(given = "Miaoyan",
family = "Wang",
role = "aut"),
person(given = "Yuchen",
family = "Zeng",
role = c("aut", "cre"),
email = "yzeng58@wisc.edu"))
as necessary.
Flavors: r-devel-linux-x86_64-debian-clang, r-devel-linux-x86_64-debian-gcc