Last updated on 2025-04-30 04:50:21 CEST.
Flavor | Version | Tinstall | Tcheck | Ttotal | Status | Flags |
---|---|---|---|---|---|---|
r-devel-linux-x86_64-debian-clang | 0.3.2 | 14.75 | 188.80 | 203.55 | NOTE | |
r-devel-linux-x86_64-debian-gcc | 0.3.2 | 9.57 | 129.75 | 139.32 | OK | |
r-devel-linux-x86_64-fedora-clang | 0.3.2 | 335.00 | OK | |||
r-devel-linux-x86_64-fedora-gcc | 0.3.2 | 304.37 | OK | |||
r-devel-windows-x86_64 | 0.3.2 | 16.00 | 170.00 | 186.00 | OK | |
r-patched-linux-x86_64 | 0.3.2 | 14.25 | 177.22 | 191.47 | OK | |
r-release-linux-x86_64 | 0.3.2 | 13.11 | 182.69 | 195.80 | OK | |
r-release-macos-arm64 | 0.3.2 | 89.00 | OK | |||
r-release-macos-x86_64 | 0.3.2 | 164.00 | OK | |||
r-release-windows-x86_64 | 0.3.2 | 17.00 | 168.00 | 185.00 | OK | |
r-oldrel-macos-arm64 | 0.3.2 | 62.00 | OK | |||
r-oldrel-macos-x86_64 | 0.3.2 | 218.00 | OK | |||
r-oldrel-windows-x86_64 | 0.3.2 | 20.00 | 223.00 | 243.00 | OK |
Version: 0.3.2
Check: examples
Result: NOTE
Examples with CPU (user + system) or elapsed time > 5s
user system elapsed
tabulate_mmrm_subgroups 4.839 0.064 6.292
g_mmrm_lsmeans 4.137 0.109 5.503
Flavor: r-devel-linux-x86_64-debian-clang