Last updated on 2025-04-30 04:50:21 CEST.
Flavor | Version | Tinstall | Tcheck | Ttotal | Status | Flags |
---|---|---|---|---|---|---|
r-devel-linux-x86_64-debian-clang | 0.3.0 | 9.19 | 76.80 | 85.99 | NOTE | |
r-devel-linux-x86_64-debian-gcc | 0.3.0 | 7.13 | 53.95 | 61.08 | NOTE | |
r-devel-linux-x86_64-fedora-clang | 0.3.0 | 128.91 | OK | |||
r-devel-linux-x86_64-fedora-gcc | 0.3.0 | 113.41 | OK | |||
r-devel-windows-x86_64 | 0.3.0 | 10.00 | 83.00 | 93.00 | OK | |
r-patched-linux-x86_64 | 0.3.0 | 8.19 | 70.70 | 78.89 | OK | |
r-release-linux-x86_64 | 0.3.0 | 8.92 | 72.90 | 81.82 | OK | |
r-release-macos-arm64 | 0.3.0 | 45.00 | OK | |||
r-release-macos-x86_64 | 0.3.0 | 64.00 | OK | |||
r-release-windows-x86_64 | 0.3.0 | 10.00 | 82.00 | 92.00 | OK | |
r-oldrel-macos-arm64 | 0.3.0 | 40.00 | OK | |||
r-oldrel-macos-x86_64 | 0.3.0 | 53.00 | OK | |||
r-oldrel-windows-x86_64 | 0.3.0 | 12.00 | 97.00 | 109.00 | OK |
Version: 0.3.0
Check: CRAN incoming feasibility
Result: NOTE
Maintainer: ‘Anya Umlauf <aumlauf@health.ucsd.edu>’
No Authors@R field in DESCRIPTION.
Please add one, modifying
Authors@R: person(given = "Anya",
family = "Umlauf",
role = c("aut", "cre"),
email = "aumlauf@health.ucsd.edu")
as necessary.
Flavors: r-devel-linux-x86_64-debian-clang, r-devel-linux-x86_64-debian-gcc