Last updated on 2025-02-21 03:52:28 CET.
Flavor | Version | Tinstall | Tcheck | Ttotal | Status | Flags |
---|---|---|---|---|---|---|
r-devel-linux-x86_64-debian-clang | 1.1.1 | 8.58 | 349.71 | 358.29 | NOTE | |
r-devel-linux-x86_64-debian-gcc | 1.1.1 | 6.00 | 216.70 | 222.70 | NOTE | |
r-devel-linux-x86_64-fedora-clang | 1.1.1 | 514.07 | OK | |||
r-devel-linux-x86_64-fedora-gcc | 1.1.1 | 456.26 | OK | |||
r-devel-macos-arm64 | 1.1.1 | 153.00 | OK | |||
r-devel-macos-x86_64 | 1.1.1 | 323.00 | OK | |||
r-devel-windows-x86_64 | 1.1.1 | 10.00 | 227.00 | 237.00 | NOTE | |
r-patched-linux-x86_64 | 1.1.1 | 13.55 | 273.87 | 287.42 | OK | |
r-release-linux-x86_64 | 1.1.1 | 8.31 | 270.66 | 278.97 | OK | |
r-release-macos-arm64 | 1.1.1 | 124.00 | OK | |||
r-release-macos-x86_64 | 1.1.1 | 222.00 | OK | |||
r-release-windows-x86_64 | 1.1.1 | 12.00 | 221.00 | 233.00 | OK | |
r-oldrel-macos-arm64 | 1.1.1 | 129.00 | OK | |||
r-oldrel-macos-x86_64 | 1.1.1 | 247.00 | OK | |||
r-oldrel-windows-x86_64 | 1.1.1 | 13.00 | 300.00 | 313.00 | OK |
Version: 1.1.1
Check: Rd cross-references
Result: NOTE
Found the following Rd file(s) with Rd \link{} targets missing package
anchors:
plot_sdg.Rd: color
Please provide package anchors for all Rd \link{} targets not in the
package itself and the base packages.
Flavors: r-devel-linux-x86_64-debian-clang, r-devel-linux-x86_64-debian-gcc, r-devel-windows-x86_64