CRAN Package Check Results for Package textgRid

Last updated on 2025-04-30 04:50:21 CEST.

Flavor Version Tinstall Tcheck Ttotal Status Flags
r-devel-linux-x86_64-debian-clang 1.0.1 2.16 23.12 25.28 NOTE
r-devel-linux-x86_64-debian-gcc 1.0.1 1.69 19.31 21.00 NOTE
r-devel-linux-x86_64-fedora-clang 1.0.1 41.04 OK
r-devel-linux-x86_64-fedora-gcc 1.0.1 36.99 OK
r-devel-windows-x86_64 1.0.1 3.00 54.00 57.00 OK
r-patched-linux-x86_64 1.0.1 2.30 21.89 24.19 OK
r-release-linux-x86_64 1.0.1 1.91 22.21 24.12 OK
r-release-macos-arm64 1.0.1 18.00 OK
r-release-macos-x86_64 1.0.1 27.00 OK
r-release-windows-x86_64 1.0.1 3.00 52.00 55.00 OK
r-oldrel-macos-arm64 1.0.1 18.00 NOTE
r-oldrel-macos-x86_64 1.0.1 23.00 NOTE
r-oldrel-windows-x86_64 1.0.1 3.00 52.00 55.00 NOTE

Check Details

Version: 1.0.1
Check: CRAN incoming feasibility
Result: NOTE Maintainer: ‘Patrick Reidy <patrick.francis.reidy@gmail.com>’ The URL field contains the following bad parts: www.praat.org The URL field should be a list of URLs separated by commas or whitespace. The BugReports field in DESCRIPTION has https://github.com/patrickreidy/textgRid which should likely be https://github.com/patrickreidy/textgRid/issues instead. Flavors: r-devel-linux-x86_64-debian-clang, r-devel-linux-x86_64-debian-gcc

Version: 1.0.1
Check: LazyData
Result: NOTE 'LazyData' is specified without a 'data' directory Flavors: r-oldrel-macos-arm64, r-oldrel-macos-x86_64, r-oldrel-windows-x86_64