Last updated on 2025-02-22 05:51:54 CET.
Flavor | Version | Tinstall | Tcheck | Ttotal | Status | Flags |
---|---|---|---|---|---|---|
r-devel-linux-x86_64-debian-clang | 1.0.0 | 4.99 | 44.23 | 49.22 | NOTE | |
r-devel-linux-x86_64-debian-gcc | 1.0.0 | 3.55 | 33.57 | 37.12 | NOTE | |
r-devel-linux-x86_64-fedora-clang | 1.0.0 | 82.81 | NOTE | |||
r-devel-linux-x86_64-fedora-gcc | 1.0.0 | 71.97 | NOTE | |||
r-devel-macos-arm64 | 1.0.0 | 28.00 | OK | |||
r-devel-macos-x86_64 | 1.0.0 | 47.00 | NOTE | |||
r-devel-windows-x86_64 | 1.0.0 | 7.00 | 62.00 | 69.00 | NOTE | |
r-patched-linux-x86_64 | 1.0.0 | 4.49 | 40.34 | 44.83 | OK | |
r-release-linux-x86_64 | 1.0.0 | 4.41 | 40.31 | 44.72 | OK | |
r-release-macos-arm64 | 1.0.0 | 24.00 | OK | |||
r-release-macos-x86_64 | 1.0.0 | 40.00 | OK | |||
r-release-windows-x86_64 | 1.0.0 | 10.00 | 61.00 | 71.00 | OK | |
r-oldrel-macos-arm64 | 1.0.0 | 30.00 | OK | |||
r-oldrel-macos-x86_64 | 1.0.0 | 44.00 | OK | |||
r-oldrel-windows-x86_64 | 1.0.0 | 10.00 | 68.00 | 78.00 | OK |
Version: 1.0.0
Check: DESCRIPTION meta-information
Result: NOTE
Missing dependency on R >= 4.1.0 because package code uses the pipe
|> or function shorthand \(...) syntax added in R 4.1.0.
File(s) using such syntax:
‘nlp_build_chunks.R’ ‘sem_search_corpus.R’
Flavors: r-devel-linux-x86_64-debian-clang, r-devel-linux-x86_64-debian-gcc, r-devel-linux-x86_64-fedora-clang, r-devel-linux-x86_64-fedora-gcc, r-devel-macos-x86_64, r-devel-windows-x86_64