Last updated on 2025-04-30 04:50:21 CEST.
Flavor | Version | Tinstall | Tcheck | Ttotal | Status | Flags |
---|---|---|---|---|---|---|
r-devel-linux-x86_64-debian-clang | 0.1.5 | 15.74 | 65.58 | 81.32 | NOTE | |
r-devel-linux-x86_64-debian-gcc | 0.1.5 | 12.96 | 58.01 | 70.97 | NOTE | |
r-devel-linux-x86_64-fedora-clang | 0.1.5 | 134.11 | NOTE | |||
r-devel-linux-x86_64-fedora-gcc | 0.1.5 | 143.45 | NOTE | |||
r-devel-windows-x86_64 | 0.1.5 | 23.00 | 148.00 | 171.00 | NOTE | |
r-patched-linux-x86_64 | 0.1.5 | 18.01 | 63.76 | 81.77 | NOTE | |
r-release-linux-x86_64 | 0.1.5 | 18.94 | 63.75 | 82.69 | NOTE | |
r-release-macos-arm64 | 0.1.5 | 50.00 | NOTE | |||
r-release-macos-x86_64 | 0.1.5 | 97.00 | NOTE | |||
r-release-windows-x86_64 | 0.1.5 | 22.00 | 140.00 | 162.00 | NOTE | |
r-oldrel-macos-arm64 | 0.1.5 | 44.00 | NOTE | |||
r-oldrel-macos-x86_64 | 0.1.5 | 83.00 | NOTE | |||
r-oldrel-windows-x86_64 | 0.1.5 | 26.00 | 143.00 | 169.00 | NOTE |
Version: 0.1.5
Check: CRAN incoming feasibility
Result: NOTE
Maintainer: ‘Luke Miratrix <lmiratrix@stat.harvard.edu>’
No Authors@R field in DESCRIPTION.
Please add one, modifying
Authors@R: person(given = "Luke",
family = "Miratrix",
role = c("aut", "cre"),
email = "lmiratrix@stat.harvard.edu")
as necessary.
Flavors: r-devel-linux-x86_64-debian-clang, r-devel-linux-x86_64-debian-gcc
Version: 0.1.5
Check: Rd files
Result: NOTE
checkRd: (-1) make.phrase.matrix.Rd:20: Lost braces
20 | \\tabular{rrrrr}{
| ^
checkRd: (-1) make.phrase.matrix.Rd:20-23: Lost braces
20 | \\tabular{rrrrr}{
| ^
Flavors: r-devel-linux-x86_64-debian-clang, r-devel-linux-x86_64-debian-gcc, r-devel-linux-x86_64-fedora-clang, r-devel-linux-x86_64-fedora-gcc, r-devel-windows-x86_64, r-patched-linux-x86_64, r-release-linux-x86_64, r-release-macos-arm64, r-release-macos-x86_64, r-release-windows-x86_64, r-oldrel-macos-arm64, r-oldrel-macos-x86_64, r-oldrel-windows-x86_64