Last updated on 2025-04-30 04:50:21 CEST.
Flavor | Version | Tinstall | Tcheck | Ttotal | Status | Flags |
---|---|---|---|---|---|---|
r-devel-linux-x86_64-debian-clang | 0.4.1 | 7.37 | 71.38 | 78.75 | OK | |
r-devel-linux-x86_64-debian-gcc | 0.4.1 | 6.71 | 54.54 | 61.25 | OK | |
r-devel-linux-x86_64-fedora-clang | 0.4.1 | 134.28 | OK | |||
r-devel-linux-x86_64-fedora-gcc | 0.4.1 | 135.68 | OK | |||
r-devel-windows-x86_64 | 0.4.1 | 9.00 | 93.00 | 102.00 | OK | |
r-patched-linux-x86_64 | 0.4.1 | 7.45 | 70.12 | 77.57 | OK | |
r-release-linux-x86_64 | 0.4.1 | 8.12 | 69.04 | 77.16 | OK | |
r-release-macos-arm64 | 0.4.1 | 55.00 | OK | |||
r-release-macos-x86_64 | 0.4.1 | 85.00 | OK | |||
r-release-windows-x86_64 | 0.4.1 | 10.00 | 88.00 | 98.00 | OK | |
r-oldrel-macos-arm64 | 0.4.1 | 45.00 | NOTE | |||
r-oldrel-macos-x86_64 | 0.4.1 | 68.00 | NOTE | |||
r-oldrel-windows-x86_64 | 0.4.1 | 11.00 | 103.00 | 114.00 | NOTE |
Version: 0.4.1
Check: LazyData
Result: NOTE
'LazyData' is specified without a 'data' directory
Flavors: r-oldrel-macos-arm64, r-oldrel-macos-x86_64, r-oldrel-windows-x86_64