Last updated on 2025-04-30 04:50:21 CEST.
Flavor | Version | Tinstall | Tcheck | Ttotal | Status | Flags |
---|---|---|---|---|---|---|
r-devel-linux-x86_64-debian-clang | 2024.2-1 | 5.64 | 57.19 | 62.83 | NOTE | |
r-devel-linux-x86_64-debian-gcc | 2024.2-1 | 3.60 | 42.58 | 46.18 | NOTE | |
r-devel-linux-x86_64-fedora-clang | 2024.2-1 | 103.29 | OK | |||
r-devel-linux-x86_64-fedora-gcc | 2024.2-1 | 106.02 | OK | |||
r-devel-windows-x86_64 | 2024.2-1 | 5.00 | 88.00 | 93.00 | OK | |
r-patched-linux-x86_64 | 2024.2-1 | 5.34 | 53.95 | 59.29 | OK | |
r-release-linux-x86_64 | 2024.2-1 | 4.81 | 54.19 | 59.00 | OK | |
r-release-macos-arm64 | 2024.2-1 | 52.00 | OK | |||
r-release-macos-x86_64 | 2024.2-1 | 78.00 | OK | |||
r-release-windows-x86_64 | 2024.2-1 | 6.00 | 84.00 | 90.00 | OK | |
r-oldrel-macos-arm64 | 2024.2-1 | 36.00 | OK | |||
r-oldrel-macos-x86_64 | 2024.2-1 | 58.00 | OK | |||
r-oldrel-windows-x86_64 | 2024.2-1 | 5.00 | 92.00 | 97.00 | OK |
Version: 2024.2-1
Check: CRAN incoming feasibility
Result: NOTE
Maintainer: ‘Paul Gilbert <pgilbert.ttv9z@ncf.ca>’
No Authors@R field in DESCRIPTION.
Please add one, modifying
Authors@R: person(given = "Paul",
family = "Gilbert",
role = c("aut", "cre"),
email = "pgilbert.ttv9z@ncf.ca")
as necessary.
Flavors: r-devel-linux-x86_64-debian-clang, r-devel-linux-x86_64-debian-gcc