Last updated on 2025-04-30 04:50:21 CEST.
Flavor | Version | Tinstall | Tcheck | Ttotal | Status | Flags |
---|---|---|---|---|---|---|
r-devel-linux-x86_64-debian-clang | 0.1.3 | 11.83 | 137.50 | 149.33 | NOTE | |
r-devel-linux-x86_64-debian-gcc | 0.1.3 | 6.87 | 96.65 | 103.52 | NOTE | |
r-devel-linux-x86_64-fedora-clang | 0.1.3 | 239.00 | NOTE | |||
r-devel-linux-x86_64-fedora-gcc | 0.1.3 | 209.15 | NOTE | |||
r-devel-windows-x86_64 | 0.1.3 | 12.00 | 141.00 | 153.00 | NOTE | |
r-patched-linux-x86_64 | 0.1.3 | 12.43 | 128.91 | 141.34 | NOTE | |
r-release-linux-x86_64 | 0.1.3 | 10.76 | 128.09 | 138.85 | NOTE | |
r-release-macos-arm64 | 0.1.3 | 57.00 | NOTE | |||
r-release-macos-x86_64 | 0.1.3 | 140.00 | NOTE | |||
r-release-windows-x86_64 | 0.1.3 | 12.00 | 138.00 | 150.00 | NOTE | |
r-oldrel-macos-arm64 | 0.1.3 | 61.00 | OK | |||
r-oldrel-macos-x86_64 | 0.1.3 | 135.00 | OK | |||
r-oldrel-windows-x86_64 | 0.1.3 | 19.00 | 175.00 | 194.00 | OK |
Version: 0.1.3
Check: DESCRIPTION meta-information
Result: NOTE
Missing dependency on R >= 4.1.0 because package code uses the pipe
|> or function shorthand \(...) syntax added in R 4.1.0.
File(s) using such syntax:
‘mock_tbl.R’
Flavors: r-devel-linux-x86_64-debian-clang, r-devel-linux-x86_64-debian-gcc, r-devel-linux-x86_64-fedora-clang, r-devel-linux-x86_64-fedora-gcc, r-devel-windows-x86_64, r-patched-linux-x86_64, r-release-linux-x86_64, r-release-macos-arm64, r-release-macos-x86_64, r-release-windows-x86_64