CRAN Package Check Results for Package tglkmeans

Last updated on 2025-04-30 04:50:21 CEST.

Flavor Version Tinstall Tcheck Ttotal Status Flags
r-devel-linux-x86_64-debian-clang 0.5.5 49.94 142.75 192.69 OK
r-devel-linux-x86_64-debian-gcc 0.5.5 33.11 172.61 205.72 OK
r-devel-linux-x86_64-fedora-clang 0.5.5 337.17 NOTE
r-devel-linux-x86_64-fedora-gcc 0.5.5 285.61 NOTE
r-patched-linux-x86_64 0.5.5 47.59 129.11 176.70 OK
r-release-linux-x86_64 0.5.5 50.11 129.41 179.52 OK
r-release-macos-arm64 0.5.5 97.00 OK
r-release-macos-x86_64 0.5.5 113.00 OK
r-oldrel-macos-arm64 0.5.5 50.00 NOTE
r-oldrel-macos-x86_64 0.5.5 67.00 NOTE

Check Details

Version: 0.5.5
Check: dependencies in R code
Result: NOTE Namespace in Imports field not imported from: ‘doRNG’ All declared Imports should be used. Flavors: r-devel-linux-x86_64-fedora-clang, r-devel-linux-x86_64-fedora-gcc

Version: 0.5.5
Check: for GNU extensions in Makefiles
Result: NOTE GNU make is a SystemRequirements. Flavors: r-oldrel-macos-arm64, r-oldrel-macos-x86_64