Last updated on 2025-04-30 04:50:21 CEST.
Flavor | Version | Tinstall | Tcheck | Ttotal | Status | Flags |
---|---|---|---|---|---|---|
r-devel-linux-x86_64-debian-clang | 2.4-23 | 32.45 | 49.66 | 82.11 | OK | --no-vignettes |
r-devel-linux-x86_64-debian-gcc | 2.4-23 | 21.25 | 35.30 | 56.55 | OK | --no-vignettes |
r-devel-linux-x86_64-fedora-clang | 2.4-23 | 172.33 | OK | --no-vignettes | ||
r-devel-linux-x86_64-fedora-gcc | 2.4-23 | 126.28 | OK | --no-vignettes | ||
r-devel-windows-x86_64 | 2.4-23 | 51.00 | 87.00 | 138.00 | OK | --no-vignettes |
r-patched-linux-x86_64 | 2.4-23 | 30.33 | 47.44 | 77.77 | OK | --no-vignettes |
r-release-linux-x86_64 | 2.4-23 | 29.33 | 46.87 | 76.20 | OK | --no-vignettes |
r-release-macos-arm64 | 2.4-23 | 46.00 | OK | --no-vignettes | ||
r-release-macos-x86_64 | 2.4-23 | 60.00 | OK | --no-vignettes | ||
r-release-windows-x86_64 | 2.4-23 | 50.00 | 85.00 | 135.00 | OK | --no-vignettes |
r-oldrel-macos-arm64 | 2.4-23 | 38.00 | NOTE | --no-vignettes | ||
r-oldrel-macos-x86_64 | 2.4-23 | 74.00 | NOTE | --no-vignettes | ||
r-oldrel-windows-x86_64 | 2.4-23 | 54.00 | 92.00 | 146.00 | OK | --no-vignettes |
Version: 2.4-23
Flags: --no-vignettes
Check: installed package size
Result: NOTE
installed size is 5.3Mb
sub-directories of 1Mb or more:
doc 2.6Mb
libs 2.1Mb
Flavors: r-oldrel-macos-arm64, r-oldrel-macos-x86_64