Last updated on 2025-11-03 03:49:59 CET.
| Flavor | Version | Tinstall | Tcheck | Ttotal | Status | Flags |
|---|---|---|---|---|---|---|
| r-devel-linux-x86_64-debian-clang | 2.4-23 | 29.81 | 52.49 | 82.30 | OK | --no-vignettes |
| r-devel-linux-x86_64-debian-gcc | 2.4-23 | 20.55 | 38.06 | 58.61 | OK | --no-vignettes |
| r-devel-linux-x86_64-fedora-clang | 2.4-23 | 85.00 | 73.54 | 158.54 | OK | --no-vignettes |
| r-devel-linux-x86_64-fedora-gcc | 2.4-23 | 69.00 | 58.04 | 127.04 | OK | --no-vignettes |
| r-devel-windows-x86_64 | 2.4-23 | 49.00 | 79.00 | 128.00 | OK | --no-vignettes |
| r-patched-linux-x86_64 | 2.4-23 | 28.88 | 50.38 | 79.26 | OK | --no-vignettes |
| r-release-linux-x86_64 | 2.4-23 | 27.31 | 49.62 | 76.93 | OK | --no-vignettes |
| r-release-macos-arm64 | 2.4-23 | 16.00 | 30.00 | 46.00 | OK | --no-vignettes |
| r-release-macos-x86_64 | 2.4-23 | 18.00 | 42.00 | 60.00 | OK | --no-vignettes |
| r-release-windows-x86_64 | 2.4-23 | 50.00 | 82.00 | 132.00 | OK | --no-vignettes |
| r-oldrel-macos-arm64 | 2.4-23 | 14.00 | 24.00 | 38.00 | NOTE | --no-vignettes |
| r-oldrel-macos-x86_64 | 2.4-23 | 19.00 | 55.00 | 74.00 | NOTE | --no-vignettes |
| r-oldrel-windows-x86_64 | 2.4-23 | 57.00 | 90.00 | 147.00 | OK | --no-vignettes |
Version: 2.4-23
Flags: --no-vignettes
Check: installed package size
Result: NOTE
installed size is 5.3Mb
sub-directories of 1Mb or more:
doc 2.6Mb
libs 2.1Mb
Flavors: r-oldrel-macos-arm64, r-oldrel-macos-x86_64