Last updated on 2025-04-30 04:50:21 CEST.
Flavor | Version | Tinstall | Tcheck | Ttotal | Status | Flags |
---|---|---|---|---|---|---|
r-devel-linux-x86_64-debian-clang | 0.1.1 | 3.26 | 29.50 | 32.76 | NOTE | |
r-devel-linux-x86_64-debian-gcc | 0.1.1 | 2.35 | 24.65 | 27.00 | NOTE | |
r-devel-linux-x86_64-fedora-clang | 0.1.1 | 58.06 | OK | |||
r-devel-linux-x86_64-fedora-gcc | 0.1.1 | 72.67 | OK | |||
r-devel-windows-x86_64 | 0.1.1 | 5.00 | 55.00 | 60.00 | OK | |
r-patched-linux-x86_64 | 0.1.1 | 3.16 | 28.98 | 32.14 | OK | |
r-release-linux-x86_64 | 0.1.1 | 3.06 | 29.03 | 32.09 | OK | |
r-release-macos-arm64 | 0.1.1 | 26.00 | OK | |||
r-release-macos-x86_64 | 0.1.1 | 46.00 | OK | |||
r-release-windows-x86_64 | 0.1.1 | 6.00 | 53.00 | 59.00 | OK | |
r-oldrel-macos-arm64 | 0.1.1 | 26.00 | OK | |||
r-oldrel-macos-x86_64 | 0.1.1 | 38.00 | OK | |||
r-oldrel-windows-x86_64 | 0.1.1 | 5.00 | 56.00 | 61.00 | OK |
Version: 0.1.1
Check: CRAN incoming feasibility
Result: NOTE
Maintainer: ‘Nicholas J. Irons <nicholasjonirons@gmail.com>’
The Description field contains
Perrot-Dockès, Ouadah, Irons, & Raftery (2023) <arXiv:2305.08952>.
Please refer to arXiv e-prints via their arXiv DOI <doi:10.48550/arXiv.YYMM.NNNNN>.
Flavors: r-devel-linux-x86_64-debian-clang, r-devel-linux-x86_64-debian-gcc