Last updated on 2025-04-30 04:50:21 CEST.
Flavor | Version | Tinstall | Tcheck | Ttotal | Status | Flags |
---|---|---|---|---|---|---|
r-devel-linux-x86_64-debian-clang | 0.3 | 7.64 | 69.49 | 77.13 | NOTE | |
r-devel-linux-x86_64-debian-gcc | 0.3 | 5.44 | 52.56 | 58.00 | OK | |
r-devel-linux-x86_64-fedora-clang | 0.3 | 113.48 | OK | |||
r-devel-linux-x86_64-fedora-gcc | 0.3 | 101.30 | OK | |||
r-devel-windows-x86_64 | 0.3 | 8.00 | 84.00 | 92.00 | OK | |
r-patched-linux-x86_64 | 0.3 | 8.05 | 64.14 | 72.19 | OK | |
r-release-linux-x86_64 | 0.3 | 6.54 | 65.13 | 71.67 | OK | |
r-release-macos-arm64 | 0.3 | 87.00 | OK | |||
r-release-macos-x86_64 | 0.3 | 64.00 | OK | |||
r-release-windows-x86_64 | 0.3 | 9.00 | 89.00 | 98.00 | OK | |
r-oldrel-macos-arm64 | 0.3 | 33.00 | OK | |||
r-oldrel-macos-x86_64 | 0.3 | 50.00 | OK | |||
r-oldrel-windows-x86_64 | 0.3 | 11.00 | 93.00 | 104.00 | OK |
Version: 0.3
Check: examples
Result: NOTE
Examples with CPU (user + system) or elapsed time > 5s
user system elapsed
reconcilethief 4.144 0.312 5.252
Flavor: r-devel-linux-x86_64-debian-clang