CRAN Package Check Results for Package thorn

Last updated on 2025-04-30 04:50:21 CEST.

Flavor Version Tinstall Tcheck Ttotal Status Flags
r-devel-linux-x86_64-debian-clang 0.2.0 2.25 22.83 25.08 OK
r-devel-linux-x86_64-debian-gcc 0.2.0 1.65 18.83 20.48 OK
r-devel-linux-x86_64-fedora-clang 0.2.0 40.92 OK
r-devel-linux-x86_64-fedora-gcc 0.2.0 36.94 OK
r-devel-windows-x86_64 0.2.0 4.00 53.00 57.00 OK
r-patched-linux-x86_64 0.2.0 2.04 22.42 24.46 OK
r-release-linux-x86_64 0.2.0 2.48 22.13 24.61 OK
r-release-macos-arm64 0.2.0 37.00 OK
r-release-macos-x86_64 0.2.0 26.00 OK
r-release-windows-x86_64 0.2.0 4.00 45.00 49.00 OK
r-oldrel-macos-arm64 0.2.0 18.00 NOTE
r-oldrel-macos-x86_64 0.2.0 25.00 NOTE
r-oldrel-windows-x86_64 0.2.0 5.00 47.00 52.00 NOTE

Check Details

Version: 0.2.0
Check: LazyData
Result: NOTE 'LazyData' is specified without a 'data' directory Flavors: r-oldrel-macos-arm64, r-oldrel-macos-x86_64, r-oldrel-windows-x86_64