CRAN Package Check Results for Package thriftr

Last updated on 2025-04-30 04:50:21 CEST.

Flavor Version Tinstall Tcheck Ttotal Status Flags
r-devel-linux-x86_64-debian-clang 1.1.7 15.49 78.99 94.48 NOTE
r-devel-linux-x86_64-debian-gcc 1.1.7 8.11 53.20 61.31 NOTE
r-devel-linux-x86_64-fedora-clang 1.1.7 160.99 OK
r-devel-linux-x86_64-fedora-gcc 1.1.7 146.86 OK
r-devel-windows-x86_64 1.1.7 15.00 100.00 115.00 NOTE
r-patched-linux-x86_64 1.1.7 13.89 74.26 88.15 NOTE
r-release-linux-x86_64 1.1.7 14.04 75.67 89.71 NOTE
r-release-macos-arm64 1.1.7 48.00 OK
r-release-macos-x86_64 1.1.7 110.00 OK
r-release-windows-x86_64 1.1.7 16.00 98.00 114.00 NOTE
r-oldrel-macos-arm64 1.1.7 48.00 OK
r-oldrel-macos-x86_64 1.1.7 73.00 OK
r-oldrel-windows-x86_64 1.1.7 19.00 116.00 135.00 OK

Check Details

Version: 1.1.7
Check: Rd cross-references
Result: NOTE Found the following Rd file(s) with Rd \link{} targets missing package anchors: TBinaryProtocol.Rd: R6Class TBinaryProtocolFactory.Rd: R6Class TBufferedTransport.Rd: R6Class TBufferedTransportFactory.Rd: R6Class TClient.Rd: R6Class TMemoryBuffer.Rd: R6Class TPayload.Rd: R6Class TServerSocket.Rd: R6Class TSocket.Rd: R6Class Please provide package anchors for all Rd \link{} targets not in the package itself and the base packages. Flavors: r-devel-linux-x86_64-debian-clang, r-devel-linux-x86_64-debian-gcc, r-devel-windows-x86_64, r-patched-linux-x86_64, r-release-linux-x86_64, r-release-windows-x86_64