Last updated on 2025-04-30 04:50:21 CEST.
Flavor | Version | Tinstall | Tcheck | Ttotal | Status | Flags |
---|---|---|---|---|---|---|
r-devel-linux-x86_64-debian-clang | 0.12.5 | 271.16 | 165.78 | 436.94 | OK | |
r-devel-linux-x86_64-debian-gcc | 0.12.5 | 259.29 | 139.94 | 399.23 | OK | |
r-devel-linux-x86_64-fedora-clang | 0.12.5 | 712.40 | OK | |||
r-devel-linux-x86_64-fedora-gcc | 0.12.5 | 881.47 | OK | |||
r-devel-windows-x86_64 | 0.12.5 | 303.00 | 216.00 | 519.00 | OK | |
r-patched-linux-x86_64 | 0.12.5 | 339.59 | 185.57 | 525.16 | OK | |
r-release-linux-x86_64 | 0.12.5 | 325.31 | 184.78 | 510.09 | OK | |
r-release-macos-arm64 | 0.12.5 | 176.00 | OK | |||
r-release-macos-x86_64 | 0.12.5 | 302.00 | OK | |||
r-release-windows-x86_64 | 0.12.5 | 290.00 | 214.00 | 504.00 | OK | |
r-oldrel-macos-arm64 | 0.12.5 | 101.00 | NOTE | |||
r-oldrel-macos-x86_64 | 0.12.5 | 149.00 | NOTE | |||
r-oldrel-windows-x86_64 | 0.12.5 | 322.00 | 265.00 | 587.00 | NOTE |
Version: 0.12.5
Check: installed package size
Result: NOTE
installed size is 84.4Mb
sub-directories of 1Mb or more:
libs 84.0Mb
Flavors: r-oldrel-macos-arm64, r-oldrel-macos-x86_64
Version: 0.12.5
Check: for GNU extensions in Makefiles
Result: NOTE
GNU make is a SystemRequirements.
Flavors: r-oldrel-macos-arm64, r-oldrel-macos-x86_64, r-oldrel-windows-x86_64