CRAN Package Check Results for Package tictactoe

Last updated on 2025-04-30 04:50:21 CEST.

Flavor Version Tinstall Tcheck Ttotal Status Flags
r-devel-linux-x86_64-debian-clang 0.2.2 2.67 33.53 36.20 NOTE
r-devel-linux-x86_64-debian-gcc 0.2.2 1.93 23.94 25.87 OK
r-devel-linux-x86_64-fedora-clang 0.2.2 56.18 OK
r-devel-linux-x86_64-fedora-gcc 0.2.2 50.44 OK
r-devel-windows-x86_64 0.2.2 4.00 54.00 58.00 OK
r-patched-linux-x86_64 0.2.2 2.56 30.33 32.89 OK
r-release-linux-x86_64 0.2.2 2.49 30.07 32.56 OK
r-release-macos-arm64 0.2.2 20.00 OK
r-release-macos-x86_64 0.2.2 34.00 OK
r-release-windows-x86_64 0.2.2 4.00 53.00 57.00 OK
r-oldrel-macos-arm64 0.2.2 18.00 NOTE
r-oldrel-macos-x86_64 0.2.2 27.00 NOTE
r-oldrel-windows-x86_64 0.2.2 3.00 58.00 61.00 NOTE

Check Details

Version: 0.2.2
Check: examples
Result: NOTE Examples with CPU (user + system) or elapsed time > 5s user system elapsed ttt_qlearn 5.824 0.024 7.3 Flavor: r-devel-linux-x86_64-debian-clang

Version: 0.2.2
Check: LazyData
Result: NOTE 'LazyData' is specified without a 'data' directory Flavors: r-oldrel-macos-arm64, r-oldrel-macos-x86_64, r-oldrel-windows-x86_64