Last updated on 2025-04-30 04:50:22 CEST.
Flavor | Version | Tinstall | Tcheck | Ttotal | Status | Flags |
---|---|---|---|---|---|---|
r-devel-linux-x86_64-debian-clang | 1.0.1 | 5.35 | 172.67 | 178.02 | NOTE | |
r-devel-linux-x86_64-debian-gcc | 1.0.1 | 3.36 | 108.72 | 112.08 | NOTE | |
r-devel-linux-x86_64-fedora-clang | 1.0.1 | 314.74 | OK | |||
r-devel-linux-x86_64-fedora-gcc | 1.0.1 | 271.74 | OK | |||
r-devel-windows-x86_64 | 1.0.1 | 6.00 | 146.00 | 152.00 | OK | |
r-patched-linux-x86_64 | 1.0.1 | 4.65 | 159.75 | 164.40 | OK | |
r-release-linux-x86_64 | 1.0.1 | 4.79 | 155.99 | 160.78 | OK | |
r-release-macos-arm64 | 1.0.1 | 61.00 | OK | |||
r-release-macos-x86_64 | 1.0.1 | 137.00 | OK | |||
r-release-windows-x86_64 | 1.0.1 | 9.00 | 151.00 | 160.00 | OK | |
r-oldrel-macos-arm64 | 1.0.1 | 65.00 | OK | |||
r-oldrel-macos-x86_64 | 1.0.1 | 119.00 | OK | |||
r-oldrel-windows-x86_64 | 1.0.1 | 8.00 | 187.00 | 195.00 | OK |
Version: 1.0.1
Check: examples
Result: NOTE
Examples with CPU (user + system) or elapsed time > 5s
user system elapsed
nearest_neighbor_adaptive 8.534 0.106 11.367
Flavor: r-devel-linux-x86_64-debian-clang
Version: 1.0.1
Check: examples
Result: NOTE
Examples with CPU (user + system) or elapsed time > 5s
user system elapsed
nearest_neighbor_adaptive 5.833 0.179 7.3
Flavor: r-devel-linux-x86_64-debian-gcc