Last updated on 2025-04-30 04:50:22 CEST.
Flavor | Version | Tinstall | Tcheck | Ttotal | Status | Flags |
---|---|---|---|---|---|---|
r-devel-linux-x86_64-debian-clang | 0.1.3 | 8.24 | 164.20 | 172.44 | NOTE | |
r-devel-linux-x86_64-debian-gcc | 0.1.3 | 5.62 | 113.30 | 118.92 | OK | |
r-devel-linux-x86_64-fedora-clang | 0.1.3 | 263.80 | OK | |||
r-devel-linux-x86_64-fedora-gcc | 0.1.3 | 252.82 | OK | |||
r-devel-windows-x86_64 | 0.1.3 | 11.00 | 160.00 | 171.00 | OK | |
r-patched-linux-x86_64 | 0.1.3 | 6.74 | 154.12 | 160.86 | OK | |
r-release-linux-x86_64 | 0.1.3 | 7.82 | 154.44 | 162.26 | OK | |
r-release-macos-arm64 | 0.1.3 | 74.00 | OK | |||
r-release-macos-x86_64 | 0.1.3 | 159.00 | OK | |||
r-release-windows-x86_64 | 0.1.3 | 12.00 | 163.00 | 175.00 | OK | |
r-oldrel-macos-arm64 | 0.1.3 | 73.00 | OK | |||
r-oldrel-macos-x86_64 | 0.1.3 | 119.00 | OK | |||
r-oldrel-windows-x86_64 | 0.1.3 | 13.00 | 205.00 | 218.00 | OK |
Version: 0.1.3
Check: examples
Result: NOTE
Examples with CPU (user + system) or elapsed time > 5s
user system elapsed
facet_abundanceh 4.405 0.06 5.588
Flavor: r-devel-linux-x86_64-debian-clang