Last updated on 2025-04-30 04:50:22 CEST.
Flavor | Version | Tinstall | Tcheck | Ttotal | Status | Flags |
---|---|---|---|---|---|---|
r-devel-linux-x86_64-debian-clang | 1.0.0 | 27.15 | 730.25 | 757.40 | NOTE | |
r-devel-linux-x86_64-debian-gcc | 1.0.0 | 18.13 | 498.95 | 517.08 | NOTE | |
r-devel-linux-x86_64-fedora-clang | 1.0.0 | 1201.52 | OK | |||
r-devel-linux-x86_64-fedora-gcc | 1.0.0 | 1174.84 | OK | |||
r-devel-windows-x86_64 | 1.0.0 | 29.00 | 633.00 | 662.00 | OK | |
r-patched-linux-x86_64 | 1.0.0 | 25.70 | 674.11 | 699.81 | OK | |
r-release-linux-x86_64 | 1.0.0 | 25.48 | 681.03 | 706.51 | OK | |
r-release-macos-arm64 | 1.0.0 | 298.00 | OK | |||
r-release-macos-x86_64 | 1.0.0 | 358.00 | OK | |||
r-release-windows-x86_64 | 1.0.0 | 32.00 | 651.00 | 683.00 | OK | |
r-oldrel-macos-arm64 | 1.0.0 | 232.00 | OK | |||
r-oldrel-macos-x86_64 | 1.0.0 | 357.00 | OK | |||
r-oldrel-windows-x86_64 | 1.0.0 | 37.00 | 872.00 | 909.00 | OK |
Version: 1.0.0
Check: examples
Result: NOTE
Examples with CPU (user + system) or elapsed time > 5s
user system elapsed
blockcv2rsample 8.268 0.13 9.919
Flavor: r-devel-linux-x86_64-debian-clang
Version: 1.0.0
Check: examples
Result: NOTE
Examples with CPU (user + system) or elapsed time > 5s
user system elapsed
blockcv2rsample 5.366 0.362 7.077
Flavor: r-devel-linux-x86_64-debian-gcc