CRAN Package Check Results for Package tightenBlock

Last updated on 2025-04-30 04:50:22 CEST.

Flavor Version Tinstall Tcheck Ttotal Status Flags
r-devel-linux-x86_64-debian-clang 0.1.7 2.33 42.88 45.21 NOTE
r-devel-linux-x86_64-debian-gcc 0.1.7 2.01 33.81 35.82 NOTE
r-devel-linux-x86_64-fedora-clang 0.1.7 77.60 OK
r-devel-linux-x86_64-fedora-gcc 0.1.7 73.92 OK
r-devel-windows-x86_64 0.1.7 4.00 68.00 72.00 OK
r-patched-linux-x86_64 0.1.7 2.29 44.10 46.39 OK
r-release-linux-x86_64 0.1.7 2.61 43.00 45.61 OK
r-release-macos-arm64 0.1.7 30.00 OK
r-release-macos-x86_64 0.1.7 64.00 OK
r-release-windows-x86_64 0.1.7 4.00 67.00 71.00 OK
r-oldrel-macos-arm64 0.1.7 26.00 NOTE
r-oldrel-macos-x86_64 0.1.7 46.00 NOTE
r-oldrel-windows-x86_64 0.1.7 5.00 73.00 78.00 NOTE

Check Details

Version: 0.1.7
Check: examples
Result: NOTE Examples with CPU (user + system) or elapsed time > 5s user system elapsed tighten 6.342 0.097 7.590 tightenBlock-package 5.527 0.080 7.984 makematch 5.247 0.115 6.500 Flavor: r-devel-linux-x86_64-debian-clang

Version: 0.1.7
Check: examples
Result: NOTE Examples with CPU (user + system) or elapsed time > 5s user system elapsed tighten 4.931 0.055 5.497 tightenBlock-package 4.278 0.043 5.142 Flavor: r-devel-linux-x86_64-debian-gcc

Version: 0.1.7
Check: package dependencies
Result: NOTE Package suggested but not available for checking: ‘rrelaxiv’ Flavors: r-oldrel-macos-arm64, r-oldrel-macos-x86_64, r-oldrel-windows-x86_64