Last updated on 2025-04-30 04:50:22 CEST.
Flavor | Version | Tinstall | Tcheck | Ttotal | Status | Flags |
---|---|---|---|---|---|---|
r-devel-linux-x86_64-debian-clang | 0.2.0 | 4.65 | 41.20 | 45.85 | OK | |
r-devel-linux-x86_64-debian-gcc | 0.2.0 | 2.90 | 32.49 | 35.39 | OK | |
r-devel-linux-x86_64-fedora-clang | 0.2.0 | 73.41 | NOTE | |||
r-devel-linux-x86_64-fedora-gcc | 0.2.0 | 86.67 | NOTE | |||
r-devel-windows-x86_64 | 0.2.0 | 8.00 | 64.00 | 72.00 | OK | |
r-patched-linux-x86_64 | 0.2.0 | 4.79 | 39.89 | 44.68 | OK | |
r-release-linux-x86_64 | 0.2.0 | 4.47 | 40.05 | 44.52 | OK | |
r-release-macos-arm64 | 0.2.0 | 46.00 | OK | |||
r-release-macos-x86_64 | 0.2.0 | 66.00 | OK | |||
r-release-windows-x86_64 | 0.2.0 | 8.00 | 66.00 | 74.00 | OK | |
r-oldrel-macos-arm64 | 0.2.0 | 30.00 | OK | |||
r-oldrel-macos-x86_64 | 0.2.0 | 47.00 | OK | |||
r-oldrel-windows-x86_64 | 0.2.0 | 9.00 | 68.00 | 77.00 | OK |
Version: 0.2.0
Check: dependencies in R code
Result: NOTE
Namespace in Imports field not imported from: ‘sp’
All declared Imports should be used.
Flavors: r-devel-linux-x86_64-fedora-clang, r-devel-linux-x86_64-fedora-gcc