CRAN Package Check Results for Package timeR

Last updated on 2025-04-30 04:50:22 CEST.

Flavor Version Tinstall Tcheck Ttotal Status Flags
r-devel-linux-x86_64-debian-clang 1.2.0 2.06 23.53 25.59 NOTE
r-devel-linux-x86_64-debian-gcc 1.2.0 1.74 19.52 21.26 NOTE
r-devel-linux-x86_64-fedora-clang 1.2.0 41.67 NOTE
r-devel-linux-x86_64-fedora-gcc 1.2.0 53.32 NOTE
r-devel-windows-x86_64 1.2.0 4.00 51.00 55.00 NOTE
r-patched-linux-x86_64 1.2.0 2.29 21.87 24.16 NOTE
r-release-linux-x86_64 1.2.0 2.16 22.21 24.37 NOTE
r-release-macos-arm64 1.2.0 28.00 NOTE
r-release-macos-x86_64 1.2.0 56.00 NOTE
r-release-windows-x86_64 1.2.0 3.00 51.00 54.00 NOTE
r-oldrel-macos-arm64 1.2.0 26.00 NOTE
r-oldrel-macos-x86_64 1.2.0 38.00 NOTE
r-oldrel-windows-x86_64 1.2.0 4.00 51.00 55.00 NOTE

Check Details

Version: 1.2.0
Check: CRAN incoming feasibility
Result: NOTE Maintainer: ‘Yifu Yan <yanyifu94@hotmail.com>’ No Authors@R field in DESCRIPTION. Please add one, modifying Authors@R: person(given = "Yifu", family = "Yan", role = c("aut", "cre"), email = "yanyifu94@hotmail.com") as necessary. Flavors: r-devel-linux-x86_64-debian-clang, r-devel-linux-x86_64-debian-gcc

Version: 1.2.0
Check: package subdirectories
Result: NOTE Problems with news in ‘NEWS.md’: No news entries found. Flavors: r-devel-linux-x86_64-debian-clang, r-devel-linux-x86_64-debian-gcc, r-devel-linux-x86_64-fedora-clang, r-devel-linux-x86_64-fedora-gcc, r-devel-windows-x86_64, r-patched-linux-x86_64, r-release-linux-x86_64, r-release-macos-arm64, r-release-macos-x86_64, r-release-windows-x86_64, r-oldrel-macos-arm64, r-oldrel-macos-x86_64, r-oldrel-windows-x86_64

Version: 1.2.0
Check: dependencies in R code
Result: NOTE Namespace in Imports field not imported from: ‘lubridate’ All declared Imports should be used. Flavors: r-devel-linux-x86_64-fedora-clang, r-devel-linux-x86_64-fedora-gcc

Version: 1.2.0
Check: LazyData
Result: NOTE 'LazyData' is specified without a 'data' directory Flavors: r-oldrel-macos-arm64, r-oldrel-macos-x86_64, r-oldrel-windows-x86_64