Last updated on 2025-04-30 04:50:22 CEST.
Flavor | Version | Tinstall | Tcheck | Ttotal | Status | Flags |
---|---|---|---|---|---|---|
r-devel-linux-x86_64-debian-clang | 1.0.3 | 6.67 | 37.73 | 44.40 | NOTE | |
r-devel-linux-x86_64-debian-gcc | 1.0.3 | 4.51 | 26.85 | 31.36 | NOTE | |
r-devel-linux-x86_64-fedora-clang | 1.0.3 | 74.14 | OK | |||
r-devel-linux-x86_64-fedora-gcc | 1.0.3 | 67.63 | OK | |||
r-devel-windows-x86_64 | 1.0.3 | 7.00 | 57.00 | 64.00 | OK | |
r-patched-linux-x86_64 | 1.0.3 | 7.40 | 35.72 | 43.12 | OK | |
r-release-linux-x86_64 | 1.0.3 | 6.68 | 35.64 | 42.32 | OK | |
r-release-macos-arm64 | 1.0.3 | 23.00 | OK | |||
r-release-macos-x86_64 | 1.0.3 | 42.00 | OK | |||
r-release-windows-x86_64 | 1.0.3 | 7.00 | 55.00 | 62.00 | OK | |
r-oldrel-macos-arm64 | 1.0.3 | 25.00 | OK | |||
r-oldrel-macos-x86_64 | 1.0.3 | 33.00 | OK | |||
r-oldrel-windows-x86_64 | 1.0.3 | 9.00 | 60.00 | 69.00 | OK |
Version: 1.0.3
Check: CRAN incoming feasibility
Result: NOTE
Maintainer: ‘Peter Reichert <peter.reichert@emeriti.eawag.ch>’
No Authors@R field in DESCRIPTION.
Please add one, modifying
Authors@R: person(given = "Peter",
family = "Reichert",
role = c("aut", "cre"),
email = "peter.reichert@emeriti.eawag.ch")
as necessary.
Flavors: r-devel-linux-x86_64-debian-clang, r-devel-linux-x86_64-debian-gcc
Version: 1.0.3
Check: examples
Result: NOTE
Examples with CPU (user + system) or elapsed time > 5s
user system elapsed
infer.timedeppar 4.564 0.011 5.3
Flavor: r-devel-linux-x86_64-debian-clang