Last updated on 2025-04-30 04:50:22 CEST.
Flavor | Version | Tinstall | Tcheck | Ttotal | Status | Flags |
---|---|---|---|---|---|---|
r-devel-linux-x86_64-debian-clang | 0.1.1 | 2.50 | 55.24 | 57.74 | NOTE | |
r-devel-linux-x86_64-debian-gcc | 0.1.1 | 1.76 | 36.66 | 38.42 | NOTE | |
r-devel-linux-x86_64-fedora-clang | 0.1.1 | 92.47 | NOTE | |||
r-devel-linux-x86_64-fedora-gcc | 0.1.1 | 87.65 | NOTE | |||
r-devel-windows-x86_64 | 0.1.1 | 4.00 | 78.00 | 82.00 | NOTE | |
r-patched-linux-x86_64 | 0.1.1 | 2.80 | 52.55 | 55.35 | NOTE | |
r-release-linux-x86_64 | 0.1.1 | 2.22 | 50.97 | 53.19 | NOTE | |
r-release-macos-arm64 | 0.1.1 | 29.00 | NOTE | |||
r-release-macos-x86_64 | 0.1.1 | 56.00 | NOTE | |||
r-release-windows-x86_64 | 0.1.1 | 3.00 | 78.00 | 81.00 | NOTE | |
r-oldrel-macos-arm64 | 0.1.1 | 32.00 | OK | |||
r-oldrel-macos-x86_64 | 0.1.1 | 61.00 | OK | |||
r-oldrel-windows-x86_64 | 0.1.1 | 3.00 | 87.00 | 90.00 | OK |
Version: 0.1.1
Check: DESCRIPTION meta-information
Result: NOTE
Missing dependency on R >= 4.1.0 because package code uses the pipe
|> or function shorthand \(...) syntax added in R 4.1.0.
File(s) using such syntax:
‘tcor.Rd’
Flavors: r-devel-linux-x86_64-debian-clang, r-devel-linux-x86_64-debian-gcc, r-devel-linux-x86_64-fedora-clang, r-devel-linux-x86_64-fedora-gcc, r-devel-windows-x86_64, r-patched-linux-x86_64, r-release-linux-x86_64, r-release-macos-arm64, r-release-macos-x86_64, r-release-windows-x86_64
Version: 0.1.1
Check: examples
Result: NOTE
Examples with CPU (user + system) or elapsed time > 5s
user system elapsed
tcor 12.150 0.235 14.709
test_equality 8.744 0.062 11.008
test_ref 4.284 0.015 5.437
Flavor: r-devel-linux-x86_64-debian-clang
Version: 0.1.1
Check: examples
Result: NOTE
Examples with CPU (user + system) or elapsed time > 5s
user system elapsed
tcor 7.130 0.055 8.623
test_equality 4.749 0.011 6.303
Flavor: r-devel-linux-x86_64-debian-gcc