CRAN Package Check Results for Package tipsae

Last updated on 2025-04-30 04:50:22 CEST.

Flavor Version Tinstall Tcheck Ttotal Status Flags
r-devel-linux-x86_64-debian-clang 1.0.3 267.92 161.45 429.37 NOTE
r-devel-linux-x86_64-debian-gcc 1.0.3 171.94 126.10 298.04 OK
r-devel-linux-x86_64-fedora-clang 1.0.3 662.37 NOTE
r-devel-linux-x86_64-fedora-gcc 1.0.3 751.72 NOTE
r-devel-windows-x86_64 1.0.3 223.00 207.00 430.00 OK
r-patched-linux-x86_64 1.0.3 239.37 170.15 409.52 OK
r-release-linux-x86_64 1.0.3 231.93 168.81 400.74 OK
r-release-macos-arm64 1.0.3 241.00 OK
r-release-macos-x86_64 1.0.3 380.00 OK
r-release-windows-x86_64 1.0.3 224.00 196.00 420.00 OK
r-oldrel-macos-arm64 1.0.3 131.00 NOTE
r-oldrel-macos-x86_64 1.0.3 206.00 NOTE
r-oldrel-windows-x86_64 1.0.3 298.00 243.00 541.00 NOTE

Check Details

Version: 1.0.3
Check: examples
Result: NOTE Examples with CPU (user + system) or elapsed time > 5s user system elapsed density.summary_fitsae 3.392 0.126 5.52 Flavor: r-devel-linux-x86_64-debian-clang

Version: 1.0.3
Check: dependencies in R code
Result: NOTE Namespace in Imports field not imported from: ‘sp’ All declared Imports should be used. Flavors: r-devel-linux-x86_64-fedora-clang, r-devel-linux-x86_64-fedora-gcc

Version: 1.0.3
Check: installed package size
Result: NOTE installed size is 95.8Mb sub-directories of 1Mb or more: doc 1.9Mb libs 91.9Mb Flavors: r-oldrel-macos-arm64, r-oldrel-macos-x86_64, r-oldrel-windows-x86_64

Version: 1.0.3
Check: for GNU extensions in Makefiles
Result: NOTE GNU make is a SystemRequirements. Flavors: r-oldrel-macos-arm64, r-oldrel-macos-x86_64, r-oldrel-windows-x86_64