CRAN Package Check Results for Package titrationCurves

Last updated on 2025-04-30 04:50:22 CEST.

Flavor Version Tinstall Tcheck Ttotal Status Flags
r-devel-linux-x86_64-debian-clang 0.1.0 2.62 39.38 42.00 OK
r-devel-linux-x86_64-debian-gcc 0.1.0 1.92 31.03 32.95 OK
r-devel-linux-x86_64-fedora-clang 0.1.0 62.99 OK
r-devel-linux-x86_64-fedora-gcc 0.1.0 74.18 OK
r-devel-windows-x86_64 0.1.0 3.00 122.00 125.00 OK
r-patched-linux-x86_64 0.1.0 2.94 37.62 40.56 OK
r-release-linux-x86_64 0.1.0 2.48 38.00 40.48 OK
r-release-macos-arm64 0.1.0 38.00 OK
r-release-macos-x86_64 0.1.0 53.00 OK
r-release-windows-x86_64 0.1.0 3.00 122.00 125.00 OK
r-oldrel-macos-arm64 0.1.0 27.00 NOTE
r-oldrel-macos-x86_64 0.1.0 45.00 NOTE
r-oldrel-windows-x86_64 0.1.0 3.00 97.00 100.00 NOTE

Check Details

Version: 0.1.0
Check: LazyData
Result: NOTE 'LazyData' is specified without a 'data' directory Flavors: r-oldrel-macos-arm64, r-oldrel-macos-x86_64, r-oldrel-windows-x86_64