CRAN Package Check Results for Package tkRplotR

Last updated on 2025-04-30 04:50:22 CEST.

Flavor Version Tinstall Tcheck Ttotal Status Flags
r-devel-linux-x86_64-debian-clang 0.1.7 2.67 22.55 25.22 NOTE
r-devel-linux-x86_64-debian-gcc 0.1.7 1.94 17.86 19.80 NOTE
r-devel-linux-x86_64-fedora-clang 0.1.7 40.26 OK
r-devel-linux-x86_64-fedora-gcc 0.1.7 39.08 OK
r-devel-windows-x86_64 0.1.7 3.00 51.00 54.00 OK
r-patched-linux-x86_64 0.1.7 2.75 21.93 24.68 OK
r-release-linux-x86_64 0.1.7 2.48 21.87 24.35 OK
r-release-macos-arm64 0.1.7 28.00 OK
r-release-macos-x86_64 0.1.7 37.00 OK
r-release-windows-x86_64 0.1.7 4.00 54.00 58.00 OK
r-oldrel-macos-arm64 0.1.7 25.00 OK
r-oldrel-macos-x86_64 0.1.7 36.00 OK
r-oldrel-windows-x86_64 0.1.7 3.00 49.00 52.00 OK

Check Details

Version: 0.1.7
Check: CRAN incoming feasibility
Result: NOTE Maintainer: ‘Filipe Campelo <fcampelo@ci.uc.pt>’ No Authors@R field in DESCRIPTION. Please add one, modifying Authors@R: person(given = "Filipe", family = "Campelo", role = c("aut", "cre"), email = "fcampelo@ci.uc.pt") as necessary. Flavors: r-devel-linux-x86_64-debian-clang, r-devel-linux-x86_64-debian-gcc