Last updated on 2025-04-30 04:50:22 CEST.
Flavor | Version | Tinstall | Tcheck | Ttotal | Status | Flags |
---|---|---|---|---|---|---|
r-devel-linux-x86_64-debian-clang | 1.0.1 | 37.46 | 96.06 | 133.52 | NOTE | |
r-devel-linux-x86_64-debian-gcc | 1.0.1 | 27.23 | 69.09 | 96.32 | NOTE | |
r-devel-linux-x86_64-fedora-clang | 1.0.1 | 221.42 | OK | |||
r-devel-linux-x86_64-fedora-gcc | 1.0.1 | 239.33 | OK | |||
r-devel-windows-x86_64 | 1.0.1 | 45.00 | 135.00 | 180.00 | OK | |
r-patched-linux-x86_64 | 1.0.1 | 37.99 | 93.48 | 131.47 | OK | |
r-release-linux-x86_64 | 1.0.1 | 37.76 | 93.84 | 131.60 | OK | |
r-release-macos-arm64 | 1.0.1 | 73.00 | OK | |||
r-release-macos-x86_64 | 1.0.1 | 118.00 | OK | |||
r-release-windows-x86_64 | 1.0.1 | 44.00 | 131.00 | 175.00 | OK | |
r-oldrel-macos-arm64 | 1.0.1 | 65.00 | NOTE | |||
r-oldrel-macos-x86_64 | 1.0.1 | 99.00 | NOTE | |||
r-oldrel-windows-x86_64 | 1.0.1 | 48.00 | 172.00 | 220.00 | OK |
Version: 1.0.1
Check: CRAN incoming feasibility
Result: NOTE
Maintainer: ‘Jasin Machkour <jasin.machkour@tu-darmstadt.de>’
The Description field contains
Machkour, Muma, and Palomar (2022) <arXiv:2110.06048>, Efron, Hastie,
Please refer to arXiv e-prints via their arXiv DOI <doi:10.48550/arXiv.YYMM.NNNNN>.
Flavors: r-devel-linux-x86_64-debian-clang, r-devel-linux-x86_64-debian-gcc
Version: 1.0.1
Check: installed package size
Result: NOTE
installed size is 7.3Mb
sub-directories of 1Mb or more:
doc 2.2Mb
libs 4.7Mb
Flavors: r-oldrel-macos-arm64, r-oldrel-macos-x86_64