Last updated on 2025-04-30 04:50:22 CEST.
Flavor | Version | Tinstall | Tcheck | Ttotal | Status | Flags |
---|---|---|---|---|---|---|
r-devel-linux-x86_64-debian-clang | 0.1.0 | 4.58 | 97.28 | 101.86 | NOTE | |
r-devel-linux-x86_64-debian-gcc | 0.1.0 | 3.40 | 67.01 | 70.41 | NOTE | |
r-devel-linux-x86_64-fedora-clang | 0.1.0 | 163.43 | OK | |||
r-devel-linux-x86_64-fedora-gcc | 0.1.0 | 182.76 | OK | |||
r-devel-windows-x86_64 | 0.1.0 | 5.00 | 129.00 | 134.00 | OK | |
r-release-linux-x86_64 | 0.1.0 | 3.94 | 92.05 | 95.99 | OK | |
r-release-macos-arm64 | 0.1.0 | 56.00 | OK | |||
r-release-macos-x86_64 | 0.1.0 | 110.00 | OK | |||
r-release-windows-x86_64 | 0.1.0 | 5.00 | 130.00 | 135.00 | OK | |
r-oldrel-macos-arm64 | 0.1.0 | 58.00 | OK | |||
r-oldrel-macos-x86_64 | 0.1.0 | 127.00 | OK | |||
r-oldrel-windows-x86_64 | 0.1.0 | 8.00 | 161.00 | 169.00 | OK |
Version: 0.1.0
Check: DESCRIPTION meta-information
Result: NOTE
Author field differs from that derived from Authors@R
Author: ‘Lukas Soenning [aut, cre, cph] (<https://orcid.org/0000-0002-2705-395X>), German Research Foundation (DFG) [fnd] (018mejw64, Grant number 548274092)’
Authors@R: ‘Lukas Soenning [aut, cre, cph] (ORCID: <https://orcid.org/0000-0002-2705-395X>), German Research Foundation (DFG) [fnd] (ROR: <https://ror.org/018mejw64>, Grant number 548274092)’
Flavors: r-devel-linux-x86_64-debian-clang, r-devel-linux-x86_64-debian-gcc