CRAN Package Check Results for Package tlrmvnmvt

Last updated on 2025-04-30 04:50:22 CEST.

Flavor Version Tinstall Tcheck Ttotal Status Flags
r-devel-linux-x86_64-debian-clang 1.1.2 133.08 34.02 167.10 NOTE
r-devel-linux-x86_64-debian-gcc 1.1.2 90.10 30.31 120.41 NOTE
r-devel-linux-x86_64-fedora-clang 1.1.2 346.56 NOTE
r-devel-linux-x86_64-fedora-gcc 1.1.2 301.53 NOTE
r-devel-windows-x86_64 1.1.2 143.00 79.00 222.00 NOTE
r-patched-linux-x86_64 1.1.2 125.94 36.49 162.43 NOTE
r-release-linux-x86_64 1.1.2 118.28 36.86 155.14 NOTE
r-release-macos-arm64 1.1.2 76.00 NOTE
r-release-macos-x86_64 1.1.2 83.00 NOTE
r-release-windows-x86_64 1.1.2 147.00 77.00 224.00 NOTE
r-oldrel-macos-arm64 1.1.2 71.00 NOTE
r-oldrel-macos-x86_64 1.1.2 75.00 NOTE
r-oldrel-windows-x86_64 1.1.2 160.00 88.00 248.00 NOTE

Check Details

Version: 1.1.2
Check: C++ specification
Result: NOTE Specified C++14: please drop specification unless essential Flavors: r-devel-linux-x86_64-debian-clang, r-devel-linux-x86_64-debian-gcc, r-devel-linux-x86_64-fedora-clang, r-devel-linux-x86_64-fedora-gcc, r-devel-windows-x86_64, r-patched-linux-x86_64, r-release-linux-x86_64, r-release-macos-arm64, r-release-macos-x86_64, r-release-windows-x86_64, r-oldrel-macos-arm64, r-oldrel-macos-x86_64, r-oldrel-windows-x86_64

Version: 1.1.2
Check: Rd files
Result: NOTE checkRd: (-1) pmvn.Rd:21: Lost braces in \itemize; meant \describe ? checkRd: (-1) pmvn.Rd:22: Lost braces in \itemize; meant \describe ? checkRd: (-1) pmvn.Rd:23: Lost braces in \itemize; meant \describe ? checkRd: (-1) pmvt.Rd:23: Lost braces in \itemize; meant \describe ? checkRd: (-1) pmvt.Rd:24: Lost braces in \itemize; meant \describe ? checkRd: (-1) pmvt.Rd:25: Lost braces in \itemize; meant \describe ? Flavors: r-devel-linux-x86_64-debian-clang, r-devel-linux-x86_64-debian-gcc, r-devel-linux-x86_64-fedora-clang, r-devel-linux-x86_64-fedora-gcc, r-devel-windows-x86_64, r-patched-linux-x86_64, r-release-linux-x86_64, r-release-macos-arm64, r-release-macos-x86_64, r-release-windows-x86_64, r-oldrel-macos-arm64, r-oldrel-macos-x86_64, r-oldrel-windows-x86_64

Version: 1.1.2
Check: installed package size
Result: NOTE installed size is 11.9Mb sub-directories of 1Mb or more: libs 11.8Mb Flavors: r-oldrel-macos-arm64, r-oldrel-macos-x86_64