Last updated on 2025-04-30 04:50:22 CEST.
Flavor | Version | Tinstall | Tcheck | Ttotal | Status | Flags |
---|---|---|---|---|---|---|
r-devel-linux-x86_64-debian-clang | 0.7-16 | 19.53 | 62.64 | 82.17 | OK | |
r-devel-linux-x86_64-debian-gcc | 0.7-16 | 14.54 | 45.50 | 60.04 | OK | |
r-devel-linux-x86_64-fedora-clang | 0.7-16 | 152.17 | OK | |||
r-devel-linux-x86_64-fedora-gcc | 0.7-16 | 144.77 | OK | |||
r-devel-windows-x86_64 | 0.7-16 | 27.00 | 142.00 | 169.00 | OK | |
r-patched-linux-x86_64 | 0.7-16 | 21.97 | 58.65 | 80.62 | OK | |
r-release-linux-x86_64 | 0.7-16 | 18.88 | 58.36 | 77.24 | OK | |
r-release-macos-arm64 | 0.7-16 | 57.00 | OK | |||
r-release-macos-x86_64 | 0.7-16 | 91.00 | OK | |||
r-release-windows-x86_64 | 0.7-16 | 30.00 | 140.00 | 170.00 | OK | |
r-oldrel-macos-arm64 | 0.7-16 | 79.00 | NOTE | |||
r-oldrel-macos-x86_64 | 0.7-16 | 147.00 | NOTE | |||
r-oldrel-windows-x86_64 | 0.7-16 | 30.00 | 141.00 | 171.00 | NOTE |
Version: 0.7-16
Check: package dependencies
Result: NOTE
Packages suggested but not available for checking:
'Rcampdf', 'tm.lexicon.GeneralInquirer'
Flavors: r-oldrel-macos-arm64, r-oldrel-macos-x86_64, r-oldrel-windows-x86_64