Last updated on 2025-04-30 04:50:22 CEST.
Flavor | Version | Tinstall | Tcheck | Ttotal | Status | Flags |
---|---|---|---|---|---|---|
r-devel-linux-x86_64-debian-clang | 0.2-10 | 3.04 | 29.09 | 32.13 | NOTE | |
r-devel-linux-x86_64-debian-gcc | 0.2-10 | 2.38 | 21.98 | 24.36 | NOTE | |
r-devel-linux-x86_64-fedora-clang | 0.2-10 | 54.21 | OK | |||
r-devel-linux-x86_64-fedora-gcc | 0.2-10 | 48.99 | OK | |||
r-devel-windows-x86_64 | 0.2-10 | 4.00 | 53.00 | 57.00 | OK | |
r-patched-linux-x86_64 | 0.2-10 | 2.98 | 28.00 | 30.98 | OK | |
r-release-linux-x86_64 | 0.2-10 | 2.83 | 27.94 | 30.77 | OK | |
r-release-macos-arm64 | 0.2-10 | 20.00 | OK | |||
r-release-macos-x86_64 | 0.2-10 | 34.00 | OK | |||
r-release-windows-x86_64 | 0.2-10 | 5.00 | 50.00 | 55.00 | OK | |
r-oldrel-macos-arm64 | 0.2-10 | 19.00 | OK | |||
r-oldrel-macos-x86_64 | 0.2-10 | 27.00 | OK | |||
r-oldrel-windows-x86_64 | 0.2-10 | 5.00 | 51.00 | 56.00 | OK |
Version: 0.2-10
Check: CRAN incoming feasibility
Result: NOTE
Maintainer: ‘Stefan Theussl <Stefan.Theussl@R-project.org>’
Package CITATION file contains call(s) to old-style personList() or
as.personList(). Please use c() on person objects instead.
Package CITATION file contains call(s) to old-style citEntry(). Please
use bibentry() instead.
Flavors: r-devel-linux-x86_64-debian-clang, r-devel-linux-x86_64-debian-gcc