CRAN Package Check Results for Package tm.plugin.europresse

Last updated on 2025-02-22 05:51:54 CET.

Flavor Version Tinstall Tcheck Ttotal Status Flags
r-devel-linux-x86_64-debian-clang 1.4 3.82 33.76 37.58 NOTE
r-devel-linux-x86_64-debian-gcc 1.4 3.03 25.54 28.57 NOTE
r-devel-linux-x86_64-fedora-clang 1.4 59.43 OK
r-devel-linux-x86_64-fedora-gcc 1.4 58.90 OK
r-devel-macos-arm64 1.4 21.00 OK
r-devel-macos-x86_64 1.4 37.00 OK
r-devel-windows-x86_64 1.4 5.00 64.00 69.00 NOTE
r-patched-linux-x86_64 1.4 5.51 31.83 37.34 OK
r-release-linux-x86_64 1.4 3.91 31.89 35.80 OK
r-release-macos-arm64 1.4 23.00 OK
r-release-macos-x86_64 1.4 33.00 OK
r-release-windows-x86_64 1.4 5.00 57.00 62.00 OK
r-oldrel-macos-arm64 1.4 21.00 OK
r-oldrel-macos-x86_64 1.4 33.00 OK
r-oldrel-windows-x86_64 1.4 7.00 59.00 66.00 OK

Check Details

Version: 1.4
Check: Rd cross-references
Result: NOTE Found the following Rd file(s) with Rd \link{} targets missing package anchors: EuropresseSource.Rd: getSources readEuropresse.Rd: getReaders Please provide package anchors for all Rd \link{} targets not in the package itself and the base packages. Flavors: r-devel-linux-x86_64-debian-clang, r-devel-linux-x86_64-debian-gcc, r-devel-windows-x86_64