CRAN Package Check Results for Package tm1r

Last updated on 2025-04-30 04:50:22 CEST.

Flavor Version Tinstall Tcheck Ttotal Status Flags
r-devel-linux-x86_64-debian-clang 1.1.8 2.62 24.11 26.73 NOTE
r-devel-linux-x86_64-debian-gcc 1.1.8 2.26 17.84 20.10 NOTE
r-devel-linux-x86_64-fedora-clang 1.1.8 40.68 OK
r-devel-linux-x86_64-fedora-gcc 1.1.8 39.29 OK
r-devel-windows-x86_64 1.1.8 5.00 50.00 55.00 OK
r-patched-linux-x86_64 1.1.8 2.90 22.49 25.39 OK
r-release-linux-x86_64 1.1.8 2.73 22.32 25.05 OK
r-release-macos-arm64 1.1.8 18.00 OK
r-release-macos-x86_64 1.1.8 28.00 OK
r-release-windows-x86_64 1.1.8 4.00 50.00 54.00 OK
r-oldrel-macos-arm64 1.1.8 16.00 NOTE
r-oldrel-macos-x86_64 1.1.8 23.00 NOTE
r-oldrel-windows-x86_64 1.1.8 5.00 51.00 56.00 NOTE

Check Details

Version: 1.1.8
Check: CRAN incoming feasibility
Result: NOTE Maintainer: ‘Muhammed Ali Onder <muhammedalionder@gmail.com>’ No Authors@R field in DESCRIPTION. Please add one, modifying Authors@R: person(given = c("Muhammed", "Ali"), family = "Onder", role = c("aut", "cre"), email = "muhammedalionder@gmail.com") as necessary. Flavors: r-devel-linux-x86_64-debian-clang, r-devel-linux-x86_64-debian-gcc

Version: 1.1.8
Check: LazyData
Result: NOTE 'LazyData' is specified without a 'data' directory Flavors: r-oldrel-macos-arm64, r-oldrel-macos-x86_64, r-oldrel-windows-x86_64