Last updated on 2025-04-30 04:50:22 CEST.
Flavor | Version | Tinstall | Tcheck | Ttotal | Status | Flags |
---|---|---|---|---|---|---|
r-devel-linux-x86_64-debian-clang | 3.2 | 5.75 | 80.65 | 86.40 | NOTE | |
r-devel-linux-x86_64-debian-gcc | 3.2 | 5.06 | 58.67 | 63.73 | NOTE | |
r-devel-linux-x86_64-fedora-clang | 3.2 | 138.46 | OK | |||
r-devel-linux-x86_64-fedora-gcc | 3.2 | 137.51 | OK | |||
r-devel-windows-x86_64 | 3.2 | 8.00 | 98.00 | 106.00 | OK | |
r-patched-linux-x86_64 | 3.2 | 7.16 | 77.66 | 84.82 | OK | |
r-release-linux-x86_64 | 3.2 | 6.52 | 78.69 | 85.21 | OK | |
r-release-macos-arm64 | 3.2 | 73.00 | OK | |||
r-release-macos-x86_64 | 3.2 | 82.00 | OK | |||
r-release-windows-x86_64 | 3.2 | 9.00 | 98.00 | 107.00 | OK | |
r-oldrel-macos-arm64 | 3.2 | 48.00 | OK | |||
r-oldrel-macos-x86_64 | 3.2 | 90.00 | OK | |||
r-oldrel-windows-x86_64 | 3.2 | 10.00 | 113.00 | 123.00 | OK |
Version: 3.2
Check: examples
Result: NOTE
Examples with CPU (user + system) or elapsed time > 5s
user system elapsed
approx_areas 10.239 0.325 12.777
Flavor: r-devel-linux-x86_64-debian-clang
Version: 3.2
Check: examples
Result: NOTE
Examples with CPU (user + system) or elapsed time > 5s
user system elapsed
approx_areas 6.153 0.843 8.814
Flavor: r-devel-linux-x86_64-debian-gcc