Last updated on 2025-04-30 04:50:22 CEST.
Flavor | Version | Tinstall | Tcheck | Ttotal | Status | Flags |
---|---|---|---|---|---|---|
r-devel-linux-x86_64-debian-clang | 0.2-13 | 3.92 | 24.84 | 28.76 | NOTE | |
r-devel-linux-x86_64-debian-gcc | 0.2-13 | 2.98 | 19.30 | 22.28 | NOTE | |
r-devel-linux-x86_64-fedora-clang | 0.2-13 | 41.82 | OK | |||
r-devel-linux-x86_64-fedora-gcc | 0.2-13 | 40.60 | OK | |||
r-devel-windows-x86_64 | 0.2-13 | 8.00 | 57.00 | 65.00 | OK | |
r-patched-linux-x86_64 | 0.2-13 | 3.54 | 23.70 | 27.24 | OK | |
r-release-linux-x86_64 | 0.2-13 | 3.73 | 23.91 | 27.64 | OK | |
r-release-macos-arm64 | 0.2-13 | 24.00 | OK | |||
r-release-macos-x86_64 | 0.2-13 | 32.00 | OK | |||
r-release-windows-x86_64 | 0.2-13 | 10.00 | 54.00 | 64.00 | OK | |
r-oldrel-macos-arm64 | 0.2-13 | 27.00 | OK | |||
r-oldrel-macos-x86_64 | 0.2-13 | 29.00 | OK | |||
r-oldrel-windows-x86_64 | 0.2-13 | 8.00 | 52.00 | 60.00 | OK |
Version: 0.2-13
Check: CRAN incoming feasibility
Result: NOTE
Maintainer: ‘Jian Li <rweibo@sina.com>’
No Authors@R field in DESCRIPTION.
Please add one, modifying
Authors@R: person(given = "Jian",
family = "Li",
role = c("aut", "cre"),
email = "rweibo@sina.com")
as necessary.
Flavors: r-devel-linux-x86_64-debian-clang, r-devel-linux-x86_64-debian-gcc