Last updated on 2025-02-21 03:52:29 CET.
Flavor | Version | Tinstall | Tcheck | Ttotal | Status | Flags |
---|---|---|---|---|---|---|
r-devel-linux-x86_64-debian-clang | 0.50.13 | 9.93 | 133.90 | 143.83 | NOTE | |
r-devel-linux-x86_64-debian-gcc | 0.50.13 | 6.84 | 95.72 | 102.56 | NOTE | |
r-devel-linux-x86_64-fedora-clang | 0.50.13 | 234.99 | NOTE | |||
r-devel-linux-x86_64-fedora-gcc | 0.50.13 | 221.80 | NOTE | |||
r-devel-macos-arm64 | 0.50.13 | 76.00 | NOTE | |||
r-devel-macos-x86_64 | 0.50.13 | 146.00 | NOTE | |||
r-devel-windows-x86_64 | 0.50.13 | 12.00 | 144.00 | 156.00 | NOTE | |
r-patched-linux-x86_64 | 0.50.13 | 9.44 | 125.06 | 134.50 | NOTE | |
r-release-linux-x86_64 | 0.50.13 | 9.84 | 125.77 | 135.61 | NOTE | |
r-release-macos-arm64 | 0.50.13 | 73.00 | NOTE | |||
r-release-macos-x86_64 | 0.50.13 | 108.00 | NOTE | |||
r-release-windows-x86_64 | 0.50.13 | 13.00 | 143.00 | 156.00 | NOTE | |
r-oldrel-macos-arm64 | 0.50.13 | 74.00 | OK | |||
r-oldrel-macos-x86_64 | 0.50.13 | 112.00 | OK | |||
r-oldrel-windows-x86_64 | 0.50.13 | 15.00 | 174.00 | 189.00 | OK |
Version: 0.50.13
Check: Rd files
Result: NOTE
checkRd: (-1) pvalEffectPlot.Rd:90: Lost braces in \itemize; meant \describe ?
checkRd: (-1) pvalEffectPlot.Rd:91: Lost braces in \itemize; meant \describe ?
checkRd: (-1) pvalEffectPlot.Rd:92: Lost braces in \itemize; meant \describe ?
checkRd: (-1) pvalEffectPlot.Rd:93: Lost braces in \itemize; meant \describe ?
checkRd: (-1) pvalEffectPlot.Rd:94: Lost braces in \itemize; meant \describe ?
Flavors: r-devel-linux-x86_64-debian-clang, r-devel-linux-x86_64-debian-gcc, r-devel-linux-x86_64-fedora-clang, r-devel-linux-x86_64-fedora-gcc, r-devel-macos-arm64, r-devel-macos-x86_64, r-devel-windows-x86_64, r-patched-linux-x86_64, r-release-linux-x86_64, r-release-macos-arm64, r-release-macos-x86_64, r-release-windows-x86_64